/80). What is the greatest common divisor of 36 and i?
9
Let s = -8 + 13. Suppose 2*h - 6*h + 12 = 0. Suppose -3*x = 3*k - 69, -h*x - x = -5*k - 110. Calculate the highest common factor of s and x.
5
Let s(j) = -j**2 - 8*j - 11. Let k be s(-5). What is the greatest common divisor of 32 and k?
4
Suppose 0 = -2*t - 5*h + 205, -67 = -3*t - h + 221. Suppose 0 = 3*b + 2*b - 155. Suppose 3*a - 83 = b. What is the highest common factor of a and t?
19
Let f = 0 - 0. Suppose -3*p + f = 9, 0 = y + 3*p + 4. Suppose 2*t + 5*d = 0, -21 = -4*t + 4*d + 7. What is the highest common factor of y and t?
5
Let a be (2/(-1) + 1)*-2. Let i = 5 - a. Suppose -2*j + 11 + 1 = 0. Calculate the highest common factor of i and j.
3
Let w be -1 + (-3)/(6/(-2)). Suppose -7 = -2*z - z + 4*o, z - 4*o + 11 = w. Calculate the greatest common factor of z and 63.
9
Let f be 1*(25 + -1 + 0). Calculate the highest common factor of f and 6.
6
Suppose g - 6*b = -9*b + 35, -4*g = -4*b - 76. Calculate the highest common factor of 69 and g.
23
Let y = 185 + -111. Suppose f + 0*f = -2. Let j be y/9 + f/9. Calculate the highest common factor of 4 and j.
4
Let q be 4/6 + (-668)/(-6). Let c = 28 - 12. Calculate the highest common factor of q and c.
16
Suppose 0 = 8*u - 3*u - z - 15, 0 = -2*u - 3*z + 6. Calculate the highest common divisor of u and 4.
1
Let o be 4 - (5 + (4 - 24/3)). Suppose -52 = -2*r - 4*b, r + 4*r = -2*b + 122. Suppose -5*f + r = -o*f. Calculate the highest common factor of 30 and f.
6
Suppose 3*v + 6*c - 3*c = -84, 5*v + 3*c + 134 = 0. Let f = v - -43. Calculate the highest common divisor of f and 162.
18
Suppose 2*v = v. Suppose v = 5*a - a - 12. Let x = -1 + a. What is the greatest common divisor of x and 2?
2
Let o be (-138)/5 + 2/(-5). Let l be ((-36)/(-21))/((-2)/o). Let a(x) = -3*x - 3. Let y be a(-3). What is the highest common divisor of l and y?
6
Let u(x) = -x**3 - 5*x**2 - 4*x - 6. Let s be u(-5). Let w = 12 - -2. What is the greatest common factor of s and w?
14
Suppose -4*z = -q - 58, 4*q - 5 = -2*z + 33. Calculate the greatest common factor of z and 90.
15
Suppose -2*r - 240 = -4*r. What is the highest common divisor of 24 and r?
24
Suppose 5*s - 5 = 0, 0 = -0*v + 2*v - 2*s - 72. Suppose 3*f - 29 = v. What is the greatest common factor of 33 and f?
11
Let m be (-3)/(-1*(-1)/(-11)). Calculate the highest common divisor of m and 297.
33
Suppose 2*r = 23 - 5. Suppose 0 = -t - t + 366. Suppose -k - 4*k + 240 = -5*u, u = 4*k - t. What is the greatest common factor of k and r?
9
Let u(p) = p**3 - 5*p**2 + 2*p. Let i be u(3). Let z = i + 20. Calculate the greatest common factor of z and 8.
8
Let g(x) = 16*x + 2. Let d be g(4). Let v be ((-7)/((-21)/18))/2. Suppose 0*f = v*f - 18. Calculate the greatest common factor of d and f.
6
Let l = -82 - -208. Let j = 188 + -134. Suppose 0*i + j = 3*i. What is the greatest common divisor of i and l?
18
Let n be (-30)/((3/(-2))/1). Let s = 49 - 34. Let v be (10/(-6))/((-5)/s). Calculate the greatest common divisor of n and v.
5
Suppose 5 = -4*j + 1. Let f = 2 - j. Suppose 3 = f*w - 18. What is the greatest common factor of 7 and w?
7
Let h be -2*1 + -6 + 18. Suppose 5*j + 2*k - 100 = 0, -5*j + 0*j + k + 100 = 0. What is the greatest common factor of j and h?
10
Suppose 3*y - 153 = 3. Suppose 40 = 2*x + 2*m, m = -4*x + y + 13. Let q = 58 - 48. What is the greatest common divisor of q and x?
5
Let g be -66*(7 - 8) + (-3 - 0). What is the highest common divisor of 21 and g?
21
Let t = -85 - -162. Calculate the greatest common divisor of 7 and t.
7
Let u(m) = 17*m + 3. Let j be u(3). Calculate the highest common factor of 594 and j.
54
Let o = -1 - -1. Suppose -3*w + 27 = 4*a - 8, o = 3*a - 4*w + 5. Suppose -4*j = -20, -2*k + 2*j + 3*j = -65. Calculate the greatest common factor of a and k.
5
Let p = -2 - -6. Calculate the highest common divisor of p and 2.
2
Let m(c) = -7*c + 1. Let g be m(-7). Suppose 2*v - v = 10. What is the greatest common divisor of g and v?
10
Suppose -2*v = -4*v + 10. Suppose 0*j - 2*t - 84 = -3*j, -3*j + 84 = v*t. Suppose 0 = -2*u + 7*u - 70. Calculate the highest common divisor of j and u.
14
Suppose 375 + 15 = 2*c. Suppose -i - 2*i = -c. What is the greatest common factor of i and 13?
13
Suppose 0 = -6*y + y + 170. Suppose 2*h + z - y = -3*z, 0 = 2*h - 3*z - 27. Calculate the highest common divisor of 10 and h.
5
Let y = 30 - 52. Let h be (55/y)/(2/(-8)). Suppose 5*p - 59 = -3*d, 3*d = -0*p + 2*p - 11. What is the greatest common factor of h and p?
10
Let o be 5/(-30) - ((-134)/12 + 1). What is the highest common divisor of 10 and o?
10
Let l be -5*(4 - 99/15). Calculate the greatest common factor of 52 and l.
13
Suppose u = 3*b + 18, -2*u + 2*b + 29 = -11. Calculate the greatest common factor of u and 84.
21
Suppose 3*u + 10 = 5*u. Suppose -10 - 440 = -u*l. What is the greatest common divisor of l and 10?
10
Let q(u) = u**2 + 10*u + 15. Let g be q(-13). Calculate the greatest common divisor of g and 9.
9
Let d(f) = f + 3. Let u be d(5). Suppose 2*o = -u*c + 3*c - 1, 0 = o + 4*c + 2. What is the greatest common factor of o and 20?
2
Let x be (-9)/(0 - (0 - (-2)/22)). What is the greatest common divisor of 11 and x?
11
Let p be (28/10)/((-2)/(-70)). Suppose 0 = 5*h + 101 + 19. Let a = -10 - h. What is the highest common divisor of a and p?
14
Let s(f) = 3*f**2 - f - 1. Suppose -5*u + 5 = -10*u. Let d be s(u). Calculate the highest common factor of d and 2.
1
Let h(g) be the second derivative of -g**3/6 + g**2/2 - g. Let r be h(-6). What is the highest common divisor of r and 21?
7
Let p = 13 + -9. Suppose b + 1 = -4*q, p*b + 17 = b - 5*q. Let g = b + 10. Calculate the highest common factor of g and 5.
1
Suppose -2*l + 88 = -0*l. Suppose 0 = 29*c - 43*c + 1540. Calculate the highest common divisor of l and c.
22
Suppose -5*i = -5*t - 5, 0 = -t - 2*t - 6. Let a = i - -1. Let z be 8 + a - (1 - 1). What is the greatest common factor of z and 32?
8
Let v(g) = -g - g**2 + 3 + 2*g**2 + 9*g. Let z be v(-9). Let r = 19 - 7. Calculate the greatest common divisor of z and r.
12
Suppose -3*h - v + 2*v = 12, -2*v = 2*h. Let t = h - -8. Calculate the greatest common factor of 2 and t.
1
Let y be (-1)/3 - (-3)/9. Let p = -57 - -119. Suppose -2*q - 3*n = -y*q - 39, n = -3*q + p. What is the greatest common factor of 3 and q?
3
Suppose 0 = 5*c - 8*c + 108. Suppose 2*u + 7 + 2 = -q, -2*q = -5*u. Let w be (u - -5)*(-8)/(-6). What is the highest common factor of c and w?
4
Let h(f) = -2*f - 12. Let p be h(-12). What is the greatest common factor of p and 8?
4
Let x(v) = v**3 + 3*v**2 - 8*v + 1. Let p be x(4). Calculate the greatest common divisor of 18 and p.
9
Let r be (-1 - -2)*6*2. Let w(f) = f**2 - f - 2. Let t be w(3). Suppose v - 5*h + 24 = t*v, 5*v + h = 40. What is the highest common factor of r and v?
4
Suppose -h + z + 9 = 0, 3*h + 3*z = 2*z + 43. Let n(a) = -22*a + 2. Let m be n(-3). Let k = m + h. What is the highest common factor of k and 9?
9
Suppose 33 = -q - 10. Let k = -30 - q. Calculate the greatest common factor of 13 and k.
13
Let g(p) = 15*p**2 + 20*p - 15. Let y(a) = 7*a**2 + 10*a - 7. Let n(u) = 6*g(u) - 13*y(u). Let x be n(-8). What is the greatest common divisor of 119 and x?
17
Let t(s) = 9*s**2. Let p be t(-1). What is the greatest common divisor of p and 225?
9
Let b = 40 + -35. What is the highest common factor of b and 2?
1
Suppose 2*u - w - 2 = 3, -3*u + 2*w = -8. Suppose -u*a - 3 = -17. Calculate the highest common factor of 77 and a.
7
Let m(x) = -26*x - 3. Let w be m(-6). Suppose 0 = 4*a - a - w. Let h be ((-34)/4)/((-3)/12). Calculate the greatest common factor of a and h.
17
Let b be 1/3 + (-16)/(-6). Let k = 10 + -5. Suppose -14 - 1 = -k*a. Calculate the highest common divisor of b and a.
3
Let q be (-1 - 9/(-6))*8. Suppose -q*t + 2*d = -114, 2*d = -5*t + 3*d + 147. What is the greatest common factor of 12 and t?
6
Suppose 3*s = 2*k - 10, 5*k + 25 - 8 = -3*s. Let f(p) = 21*p**2 - p - 1. Let u be f(k). Let h = 33 - u. What is the greatest common divisor of h and 18?
6
Let q(m) = 15 - 2*m + m**2 - m + m. Let z be q(-8). What is the greatest common divisor of z and 19?
19
Suppose 4*d + 16 = -4*q, -5*q - 18 = -2*d + 6*d. Let r = d - -23. Calculate the highest common factor of r and 14.